?
1
In base 3, what is 10021 + 22?
10120
In base 13, what is 4 + -328?
-324
In base 11, what is 8a5a + -2?
8a58
In base 3, what is -11 - 102202?
-102220
In base 14, what is -35 - -3?
-32
In base 14, what is -3 - 452?
-455
In base 15, what is -12 + -9?
-1b
In base 16, what is 14 + 32?
46
In base 5, what is -1423 + 20?
-1403
In base 14, what is -64 + 2?
-62
In base 5, what is 2 - 30224?
-30222
In base 12, what is -6 + -21?
-27
In base 5, what is -1 - 21?
-22
In base 13, what is 9b - -7?
a5
In base 4, what is 1 + -2?
-1
In base 11, what is -1 + -237?
-238
In base 14, what is -2 - -a?
8
In base 7, what is -2 + 3501?
3466
In base 16, what is -89 + -5?
-8e
In base 2, what is 1000011111 - -101?
1000100100
In base 7, what is -11 + -2534?
-2545
In base 14, what is -40 - -5?
-39
In base 15, what is 2 + 28?
2a
In base 3, what is 1010 - 1?
1002
In base 9, what is 16 + 22?
38
In base 10, what is 260 + 4?
264
In base 6, what is 0 + 12?
12
In base 5, what is 10413 - -3?
10421
In base 5, what is 1420 + 24?
1444
In base 9, what is -5 + 46?
41
In base 12, what is -3 - 187?
-18a
In base 14, what is -3 + -298?
-29b
In base 13, what is 4 + -87?
-83
In base 10, what is 256 + -1?
255
In base 6, what is -3 - 1155?
-1202
In base 15, what is 8 - 12?
-9
In base 5, what is -11 + -14?
-30
In base 9, what is -15 + -73?
-88
In base 12, what is 31 - -5?
36
In base 13, what is -895 + 1?
-894
In base 16, what is 7 + 81?
88
In base 16, what is 3 - 10d4?
-10d1
In base 15, what is 10 + 0?
10
In base 16, what is b + 25d?
268
In base 8, what is 33 - 103?
-50
In base 13, what is -12 - 66?
-78
In base 11, what is 3 - 114?
-111
In base 9, what is 1 + 35?
36
In base 11, what is -1022 - -11?
-1011
In base 13, what is 78a - 3?
787
In base 13, what is 4713 - -4?
4717
In base 6, what is 11235 + -33?
11202
In base 4, what is 11 + 133?
210
In base 2, what is 10011100111 + -111?
10011100000
In base 2, what is -10101 - 11100?
-110001
In base 4, what is -1000 - -102?
-232
In base 2, what is -1 - -111100?
111011
In base 4, what is -32 - -23?
-3
In base 8, what is 7112 - 0?
7112
In base 12, what is -900 + 5?
-8b7
In base 5, what is 3412 - -10?
3422
In base 16, what is -27 + 57?
30
In base 3, what is -112 + 10121?
10002
In base 15, what is a - 1b?
-11
In base 2, what is -1 - 10101110101?
-10101110110
In base 9, what is -10071 - -3?
-10067
In base 11, what is -247 + 2?
-245
In base 10, what is 1330 - -1?
1331
In base 2, what is -110010 + -1?
-110011
In base 15, what is -1 - -3?
2
In base 13, what is -2 - -72?
70
In base 2, what is 10010 - 10010110?
-10000100
In base 13, what is -2 - -55?
53
In base 6, what is -3 - 3432?
-3435
In base 10, what is -481 + 2?
-479
In base 12, what is -113 - 0?
-113
In base 14, what is 18024 + 0?
18024
In base 14, what is -7ab - 3?
-7b0
In base 13, what is 4481 + 3?
4484
In base 3, what is 10200020 - 10?
10200010
In base 5, what is 101 - 1211?
-1110
In base 14, what is -2 + 34?
32
In base 12, what is -610 - -8?
-604
In base 4, what is -13 + 0?
-13
In base 4, what is -21 - 30?
-111
In base 13, what is 5a - 1?
59
In base 9, what is 4 + -1167?
-1163
In base 10, what is 13 - -33?
46
In base 4, what is 33033 - -3?
33102
In base 7, what is -3622 + -2?
-3624
In base 14, what is 3b - 0?
3b
In base 15, what is -3 + c9?
c6
In base 9, what is 17813 + -4?
17808
In base 5, what is 2441 + -2?
2434
In base 10, what is 47 - -1?
48
In base 2, what is -110101000111 - 1?
-110101001000
In base 16, what is -bd - 49?
-106
In base 2, what is 1011001111 - 11?
1011001100
In base 6, what is -311 - 14?
-325
In base 10, what is -1 + 1675?
1674
In base 13, what is -5 + b8?
b3
In base 16, what is 1126 + -4?
1122
In base 4, what is 3 - -211?
220
In base 13, what is 18 - 7?
11
In base 16, what is 8ea - 5?
8e5
In base 15, what is -2 - e?
-11
In base 12, what is 15 + 21?
36
In base 10, what is 8654 - -5?
8659
In base 14, what is 5 - 21?
-1a
In base 15, what is -1 + 8a?
89
In base 5, what is -3112312 - -3?
-3112304
In base 3, what is -101 - -2021?
1220
In base 11, what is 1 + -1a5?
-1a4
In base 2, what is -10001 - 101?
-10110
In base 7, what is 0 + 3061?
3061
In base 13, what is 6b8 - 5?
6b3
In base 12, what is -73 + 0?
-73
In base 11, what is -3 - 3a3?
-3a6
In base 16, what is 5 - 5?
0
In base 2, what is 11 + -101011000?
-101010101
In base 14, what is -9 + 108?
dd
In base 15, what is -d6 - -4?
-d2
In base 7, what is 32513 + -1?
32512
In base 9, what is 107 + 10?
117
In base 11, what is 116 + -2?
114
In base 13, what is 6 - -38?
41
In base 9, what is -1 - -65?
64
In base 13, what is -5033 + 3?
-5030
In base 16, what is -48d + 2?
-48b
In base 9, what is -204 - -4?
-200
In base 9, what is 31 - -6?
37
In base 13, what is 10 + -23?
-13
In base 7, what is -6 + -111?
-120
In base 10, what is -78 + -5?
-83
In base 7, what is 3 + -255?
-252
In base 15, what is 3 + ad?
b1
In base 5, what is 1044 - -14?
1113
In base 9, what is -126 + -2?
-128
In base 12, what is -6942 + 4?
-693a
In base 12, what is -b6 + -2?
-b8
In base 3, what is 21110 + 111?
21221
In base 5, what is -212 - 41?
-303
In base 4, what is 123 - 1?
122
In base 2, what is -111011000 + 11?
-111010101
In base 9, what is -286 + -4?
-301
In base 6, what is -1352 + 5?
-1343
In base 4, what is -11203 + -11?
-11220
In base 6, what is -3 - 33145?
-33152
In base 13, what is 1c2 - 5?
1ba
In base 16, what is 71a + -3?
717
In base 8, what is -5 + -226?
-233
In base 16, what is 0 - -a21?
a21
In base 10, what is 22 - -93?
115
In base 9, what is -5 - 836?
-842
In base 5, what is 121 + 100?
221
In base 13, what is -5 + -3?
-8
In base 14, what is -101 - 8?
-109
In base 5, what is -13 + -21212?
-21230
In base 13, what is ac1 - 2?
abc
In base 2, what is -111 + -10101?
-11100
In base 5, what is 104 - 23?
31
In base 2, what is 10101011 + -1000?
10100011
In base 15, what is 7 - 421?
-419
In base 9, what is -3 - 342?
-345
In base 6, what is -252 + -3?
-255
In base 13, what is 35 + -39?
-4
In base 16, what is -20 + 5?
-1b
In base 7, what is 31 + -2516?
-2455
In base 15, what is 2 + 83?
85
In base 14, what is -54c - -3?
-549
In base 5, what is 1 + 202?
203
In base 13, what is -19 - 7c?
-98
In base 16, what is -10 + -d4?
-e4
In base 7, what is 1 + -6153?
-6152
In base 15, what is -3 - 15e?
-162
In base 13, what is 1 - 36?
-35
In base 15, what is -a - -1d?
13
In base 8, what is -4 + -227?
-233
In base 6, what is 10 - 5?
1
In base 15, what is -6ac - -5?
-6a7
In base 6, what is 333 + -2?
331
In base 14, what is d1 + 3?
d4
In base 14, what is 1 - 13?
-12
In base 15, what is 411 + c?
41d
In base 16, what is -4 - -221?
21d
In base 9, what is -2 - -125?
123
In base 8, what is -4 - 1500?
-1504
In base 10, what is -38 + 497?
459
In base 4, what is -1002023 - -2?
-1002021
In base 15, what is 3 - 118?
-115
In base 11, what is 0 - 12?
-12
In base 16, what is -122d - 2?
-122f
In base 2, what is -11 - 10110?
-11001
In base 16, what is 40 + 7?
47
In base 5, what is 4 + 3422?
3431
In base 2, what is 1001110101010 - -1?
1001110101011
In base 10, what is 5 - 893?
-888
In base 14, what is 13 - -3?
16
In base 10, what is 1 - -307?
308
In base 6, what is 322 + 32?
354
In base 16, what is b - -1c1?
1cc
In base 13, what is -1cc - -2?
-1ca
In base 14, what is -18 + -6?
-20
In base 12, what is 158 - -5?
161
In base 5, what is -3 - -1332?
1324
In base 14, what is 0 - 382?
-382
In base 16, what is -3 + 7?
4
In base 8, what is 1 - -435?
436
In base 6, what is -4 + -132?
-140
In base 8, what is 201 - 3?
176
In base 6, what is 2521 + -11?
2510
In base 2, what is -100101000 - 110?
-100101110
In base 11, what is -5 + 388?
383
In base 15, what is -1 - -1257?
1256
In base 6, what is -133122 + -2?
-133124
In base 11, what is -60 - 2?
-62
In base 15, what is 12 - -74?
86
In base 11, what is 16 + 0?
16
In base 10, what is 3 - 4?
-1
In base 13, what is 0 + 1849?
1849
In base 9, what is 2 + -4086?
-4084
In base 9, what is -2056 - 6?
-2063
In base 15, what is -3ac + 4?
-3a8
In base 5, what is -121401 - 0?
-121401
In base 2, what is 100111110 + -101?
100111001
In base 14, what is 5 - -d96?
d9b
In base 15, what is -126 + -14?
-13a
In base 15, what is 21b + -3?
218
In base 5, what is -42 + -2?
-44
In base 3, what is -201210 - -11?
-201122
In base 16, what is -27 + 1d?
-a
In base 3, what is 12 - 200?
-111
In base 9,